et n = -88641 - -141308. Is n composite?
False
Suppose 561861 + 1255295 = -11*x + 55*x. Is x composite?
False
Let c = 107396 + 173891. Is c a composite number?
True
Let b(w) = -w**2 - w - 9. Let i be b(7). Let q = i + 72. Suppose -6*z - 787 = -q*z. Is z composite?
False
Suppose -3*a - 13548 = 4*q, 5*a - 7939 = 4*q + 5577. Let c = q - -6330. Suppose 0 = 4*t + 2*t - c. Is t prime?
True
Suppose 5*w + 8 = 3*x, 2*w + 1 = -x - 0. Let f(p) = 3349*p**2 - 31*p - 31. Is f(w) prime?
False
Let q(a) = 3*a**3 + 3 + 14*a**3 - 13*a**3 - 4*a. Let g be q(-4). Let r = 25 - g. Is r composite?
True
Let b be (47264/24)/(-7) - (-2)/6. Let h(s) = -66*s - 3. Let z be h(6). Let q = b - z. Is q composite?
True
Let r(h) = 524*h + 26. Let a be r(-36). Let s = -9453 - a. Is s composite?
True
Is (48 + -49)/((-2)/91486) composite?
True
Suppose g - 3*u - 17 = 0, -2*u - 2*u - 41 = -5*g. Let v(l) = -342*l + 33. Let r(q) = q - 1. Let j(s) = -5*r(s) - v(s). Is j(g) a prime number?
True
Suppose w - 9 = -3*p - 2, 21 = 3*w - p. Suppose 3*r - 18998 = -8*u + w*u, -4*u + r + 76057 = 0. Is u composite?
False
Let k be 12*8/(-16)*5/(-3). Suppose -k*d + 4761 = -d. Is d prime?
False
Suppose -3*i - 5*y = 97, 5*i + y + 125 = -0*i. Let m(h) = 224*h - 165. Let p(z) = -112*z + 83. Let w(q) = -4*m(q) - 7*p(q). Is w(i) composite?
False
Let y(p) = 6*p**3 + 10*p**2 - 15*p - 9. Let r be y(-11). Let o = r - -13119. Is o a composite number?
True
Let f(d) = -179*d**3 + 39*d**2 + 230*d + 19. Is f(-7) composite?
False
Let k = 179 + -174. Suppose 3*i - i = -k*f + 15665, 15635 = 5*f - 4*i. Is f composite?
True
Let n be (2 + -3)/(-3*6/(-180)). Let y be ((-2484)/n)/((-2)/40*-2). Suppose 5*p - 2971 = y. Is p composite?
False
Let b = 4083 + -4078. Suppose -3*g - 2*g = 20, 4*g - 13244 = -5*v. Suppose -v = -b*d - 7*d. Is d prime?
False
Suppose 6*u - 5*r = u + 15, 0 = 4*u + 4*r - 20. Is u/(-1)*(7 - 7339/4) a composite number?
True
Let n be ((-6)/(-9))/(2/(-12)) + 550. Suppose l - n = -3*c - 13, -3*l - c + 1631 = 0. Is l a prime number?
False
Let d(i) = -i**3 + i**2 + 7*i - 1. Let o be d(-3). Is 32497/5 + (1 - o/10) prime?
False
Let m(w) = 38 + 223*w + 2 - 66. Let k be m(8). Suppose 0 = 2*x - k - 584. Is x a composite number?
False
Is ((-22)/11 + 2)/(-1) + 799003 a prime number?
True
Is 56964/2 - (-23)/((-506)/110) prime?
True
Let k = -6 + 8. Let u(s) = 9*s**3 - 3 - 112*s**2 - 2*s - 4*s + 115*s**k + 2. Is u(3) composite?
False
Let x(j) = j**3 - 15*j**2 - 9*j - 7. Let y be x(14). Let z be 4/(-10) + y/(-35). Suppose -1082 = 7*d - z*d. Is d composite?
False
Let k = -2787 + 56146. Is k prime?
True
Let c = -285 - -335. Suppose -3*t + c = -j - 21, t = 5*j + 47. Is t a prime number?
False
Let n(l) be the first derivative of 430*l**3/3 + 3*l**2/2 + 4*l + 37. Is n(-3) a prime number?
False
Suppose 1055590 = 25*o + 205515. Is o a composite number?
True
Suppose -3*g - 5*j + 646380 = -2*j, -3*j = -3*g + 646410. Is g prime?
False
Let v = 54082 + -31063. Suppose -11*u = -v - 4448. Is u prime?
False
Is (-23)/184 + 1478585/8 prime?
True
Suppose 0 = 635*p - 613*p - 1453376 + 45838. Is p a prime number?
False
Let y(r) = 8523*r**3 + 10*r**2 - 28*r + 4. Is y(3) prime?
False
Let r = -1247 - -1247. Let z be (-8)/(-10)*(-15)/(-6). Suppose 5*k + z*k - 9331 = r. Is k a prime number?
False
Suppose 1 = -2*j - 3. Let d(i) = -2*i**2 - 2*i. Let k be d(j). Is (k + 5)*(-2962)/4*-2 a prime number?
True
Let i = 22871 - -146346. Is i a prime number?
True
Let w = -140349 + 328438. Is w prime?
False
Let d(q) = q**2 - 47*q + 489. Let j be d(14). Suppose 0 = 4*z - 265 + 33. Suppose -j = c - z. Is c prime?
True
Let q be ((-36)/(-1))/(72/3408). Let h(i) = -i**3 + 3*i**2 + 10*i + 1. Let w be h(5). Is (q/(-20))/(w - 7/5) a prime number?
False
Let l(c) = -2*c**3 - 7*c**2 - 8*c + 6. Suppose 2*z - 2*m = 7*z - 32, -z + 5*m + 1 = 0. Suppose -s = z*s + 35. Is l(s) a composite number?
True
Let n = 447 - -330. Let y = 2522 + n. Is y composite?
False
Let f(i) = 2 - 4*i - 4*i**2 + 26*i**2 + 3*i + 9. Let w be 8/((0 - 4) + 6). Is f(w) a composite number?
False
Let y(h) = -3702*h + 217. Is y(-7) composite?
True
Let y = 24 - 28. Let v be ((-54)/(-36))/((-2)/y). Suppose -v = 3*q, 4*q + 736 = c + 3*c. Is c a prime number?
False
Suppose -4*k = -4*p + 598412, 78*p - 80*p + 3*k = -299206. Is p a prime number?
True
Let a = 4286 + 14588. Is a a composite number?
True
Suppose -5*c - 623854 = -3*q + 1187395, q = 3*c + 603755. Is q prime?
False
Let d be 85/17 + (-9 - 0) + 3642. Let n = -1735 + d. Is n a composite number?
True
Let u(y) = 132 + 129 - 253 + 273*y. Is u(13) prime?
True
Suppose 5*m + 44 = 5*r + m, 5*r - 5*m - 45 = 0. Suppose r - 4 = c. Is 26994/42 + c + (-4)/(-14) prime?
True
Let u = -33660 + 20649. Let a = 22264 + u. Suppose 0 = -3*n + a + 4388. Is n a composite number?
False
Let m be 1212 + (-3 - 0) + -3. Suppose 6*s = 9*s - m. Suppose 4*x = s - 74. Is x a composite number?
True
Let n = 119580 + -64715. Is n prime?
False
Suppose -2*l + 3*j + 5 = 48, -3*j - 27 = 3*l. Let k be (-12)/l*28/6. Suppose -y + 225 + 333 = 4*m, -k = -2*y. Is m composite?
False
Let s = -592 - -581. Is 2/s - (-35)/((-2310)/(-214776)) a prime number?
False
Is (-2688029379)/(-2205) + 6/105 a composite number?
False
Let y(q) = 83*q - 3. Let v = -58 - -65. Let b be y(v). Let r = 1573 - b. Is r prime?
False
Let r = -175175 - -252646. Is r prime?
True
Suppose -79*p - 27 = -70*p. Let u(o) = -7067*o - 52. Is u(p) a composite number?
False
Let r = -5945 + 10260. Is r composite?
True
Let t(p) = p**2 - 8*p + 2. Let r be t(3). Let a(f) = -68*f - 45. Is a(r) a prime number?
True
Let c = -5827 - 291. Let u = -1265 - c. Is u prime?
False
Suppose -3*v = 3*y - 5*y - 12, -2*y - 14 = -4*v. Suppose -5*i + 2*m = -17165, -v*i + 6866 = -6*m + 5*m. Is i a composite number?
False
Let r(u) be the first derivative of -389*u**4/24 - 2*u**3/3 + 9*u**2/2 - 22. Let o(p) be the second derivative of r(p). Is o(-7) a prime number?
True
Is (-30 - -29)/(1*(-1)/117202*2) prime?
True
Let g = -5418 - -8815. Let r = g + -1680. Suppose -r - 823 = -4*a. Is a composite?
True
Let n(f) = -f**3 - 4*f**2 + 8*f + 5. Let x be n(-5). Let s(t) = -3*t**3 - 8*t**2 - 5*t - 47. Is s(x) prime?
True
Is (-687089)/(-52)*4 - -3*2 composite?
False
Suppose 0 = -45*a - 1335177 + 12216942. Is a a composite number?
False
Suppose 54*n - 6713446 - 1818739 - 6859813 = 0. Is n composite?
True
Let k = 63600 - -35707. Is k a composite number?
True
Let w(n) = n**2 + 10*n + 6. Let p(a) = -2*a**2 + 10*a + 14. Let h be p(7). Let t be w(h). Let f = 1779 + t. Is f composite?
True
Suppose 5*j = i + 222443, 0 = -5*j - 7*i + i + 222457. Is j composite?
True
Suppose -5*g = -3*g + 12. Is 1 + (-15531)/(-9) + (-2)/g a composite number?
True
Let x be (3 - 2)/(5/15175). Suppose 4*h - 2*o = 4064, -3*h + o = 6*o - x. Let j = h + -604. Is j a composite number?
True
Let z(v) = -v + 5. Let h be z(2). Suppose -c = -2*m - 3*c + 8, h*c = -2*m + 8. Is 221/m - (30/(-8) - -4) a prime number?
False
Let b = -132345 - -275996. Is b a prime number?
True
Let n(t) = -t**2 - 2*t + 685. Suppose 5*q - j = -0*j + 9, 0 = 3*q - 4*j - 2. Suppose q*v = 5*v. Is n(v) a composite number?
True
Suppose -3230 = -6*c - 230. Suppose c + 1444 = 3*k + 4*p, 3*k - 1968 = 4*p. Suppose -3*u + k = -2267. Is u a composite number?
True
Let v(y) = -y**2 + 6*y - 5. Let u be v(7). Let t be (-8)/u*3 + -2. Suppose -5*z - 3*b + 310 = t, 4*z + b + b - 250 = 0. Is z a prime number?
False
Suppose 70*v - 59*v = -23122. Let o = v - -4647. Is o a prime number?
False
Suppose u = 0, -4*x = -u - 1 - 3. Let j = x + 9. Suppose -4*y + 3*g = -653, -g + j = g. Is y a composite number?
False
Let l(o) = -22*o + 33*o - 64 + 32*o - 49 + 3*o**2. Is l(24) a composite number?
False
Suppose -23 = -2*u - 45. Let i = 8 + u. Is -6*(1 + 5/i) + 939 a composite number?
True
Suppose 64*g - 60*g - 260347 = 5*z, -65095 = -g + 4*z. Is g a composite number?
True
Let b be -6*((-13)/6 - 8/(-12)). Suppose 0 = b*t - 8*t - 1869. Suppose -173*f = -176*f + t. Is f a composite number?
True
Let d be -2 - (-6 - 0) - (-61431 - -31). Let g = d - -10325. Is g a composite number?
True
Let y(h) = h - 1. Let v be y(1). Suppose v = -2*p + p + 79. Suppose f + 5*n - p = 226, 1481 = 5*f + 3*n. Is f composite?
True
Suppose 0 = 5*g + 4*k - 321317, 7*g - 5*g = 3*k + 128536. Is